q = -56 + l. Give p(q).
5
Let g(x) = -2*x - 16. Let c be 60/630 + (-332)/(-42). Let q be -15 - -8 - -3*c/(-6). Calculate g(q).
6
Let b(q) be the second derivative of q**5/20 + q**4/2 - q**3/6 - 6*q**2 - 20*q. Determine b(-6).
-6
Let b(d) = d**2 + 14*d + 29. Let i(y) = -2*y**2 - 27*y - 59. Let o(l) = 5*b(l) + 2*i(l). Give o(-12).
-21
Let n be (13026/90)/(-13) - 1/30*-4. Let d(b) = 25*b + 281. Determine d(n).
6
Let q = -18695 + 18707. Let g(b) = -b**3 + 13*b**2 - 24*b - 9. Calculate g(q).
-153
Let s be -105*7/(42/4). Let t = 83 + s. Let a(v) = v**2 - 15*v + 17. What is a(t)?
-9
Let q = 9528 - 9524. Let k(v) = 1. Let l(d) = d + 1. Let y(i) = k(i) - l(i). Determine y(q).
-4
Let j(g) = -43*g - 4. Let r(o) = -44*o - 5. Let y(d) = -6*j(d) + 5*r(d). Let z(b) = b**3 + 38*b**2 + 30*b - 258. Let c be z(-37). Determine y(c).
37
Let n(y) = -y**2 - 11*y - 15. Let j(a) = 3*a + 5. Let d(g) = 7*j(g) + 2*n(g). Let t = -174 - -170. Calculate d(t).
-23
Let u(j) = 571*j + 4006. Let v be u(-7). Let z(s) be the third derivative of s**6/120 - 3*s**5/20 - s**3/6 - s**2. Give z(v).
-1
Let m = 10 + -7. Let t(d) = d**3 + 13*d**3 - 13*d**3 + m*d - 5*d**2 + 2*d - 1. What is t(4)?
3
Let n(z) = 7*z**3 + 6. Let w be n(2). Let p = 55 - w. Let c(f) = f**3 + 7*f**2 - 10. Determine c(p).
-10
Let m = 65 + -46. Let b(p) = p**2 + 4*p + 8*p + 0 - 7 - m*p. Calculate b(8).
1
Suppose -h + 26 = -12*u + 16*u, -34 = -4*u + 3*h. Let x(g) = -g + 6*g - 2*g - u + 1 - 4*g. Give x(-11).
5
Let y(w) be the second derivative of w**6/180 - w**5/60 - w**4/24 - w**3/2 + 3*w**2/2 - 24*w. Let l(z) be the second derivative of y(z). Give l(2).
3
Suppose -4*x - x + 10 = 0. Let w(h) = -29*h**3 - x*h**2 - 3*h**2 + 5*h - 4 + 30*h**3. Let o = 221 - 217. Determine w(o).
0
Let h(j) be the first derivative of -6*j**4 - j**3 - j**2/2 + 1292. Determine h(-1).
22
Let r = 9409 + -9401. Let q(z) = -z**2 + 14*z - 17. Give q(r).
31
Suppose 26*k = 41 + 11. Let j(m) = 0*m**k - 607*m - 6*m**2 + 604*m. Give j(-2).
-18
Let v = -989 - -992. Let m = -3 - -15. Let x(a) = -9*a - m - 4 - v + 7 - a**2. Calculate x(-8).
-4
Let c be (-22)/(-2) - (7 + 4 - 8). Let l(q) = 2*q + 2. Let b be l(-3). Let h be (b/c)/(1/(-6)). Let j(o) = -o - 3. What is j(h)?
-6
Let d(i) be the first derivative of 5*i**3/3 + 3*i**2/2 - 3*i + 1245. Calculate d(-2).
11
Let h(n) be the first derivative of n**4/12 + 7*n**3/6 + 7*n**2/2 - 77*n + 109. Let z(b) be the first derivative of h(b). Determine z(-6).
1
Let o(w) = 7*w + 300. Let n be o(0). Let d(i) = n*i**2 + 331*i**2 - 611*i**2 + 1. What is d(1)?
21
Suppose 9 = -z - 5*s - 41, -3*s = 2*z + 44. Let b(o) = 12*o + 113. Give b(z).
-7
Let h(d) be the first derivative of d**3 + 19*d**2/2 - 31*d - 3879. Calculate h(-7).
-17
Let x(r) = -6*r + 16. Let u(o) = 9*o - 25. Let g(j) = -5*u(j) - 7*x(j). Calculate g(0).
13
Let x(j) = -77 + 200 - 74 + j + 4*j - 76. Determine x(8).
13
Let z(s) = -s**2 - 10*s + 10. Let j(r) = 4*r**2 + 24*r - 32. Let d(b) = 3*j(b) + 10*z(b). Give d(14).
4
Let t(y) = -2*y. Let g(z) = z**2 + z - 7. Let c(h) = -2*h + 13. Let v be c(6). Suppose -3 = -j - v. Let q be g(j). Determine t(q).
2
Suppose -3*q - 5*s + 2 = -6*q, 0 = 4*q - 4*s - 8. Suppose 2*l = 3*l - 5*f - 27, 2*l + 5*f + q = 0. Let g(u) = -u**2 + 9*u - 10. What is g(l)?
4
Let o(w) = -8*w - 2. Let b be 3*(1 + (-14)/(-1)). Suppose 0 = 2*j - 11*j - b. Let t be (j*2*(-4)/20)/1. Calculate o(t).
-18
Let f(y) = -y**2 - 13*y + 6. Let d = 5014 + -5027. Give f(d).
6
Let r(z) = z**2 + z - 3. Let y be -2 - ((-6)/(-2) + (-92)/4). Let c be 50/225 + 68/y. Determine r(c).
17
Suppose -344 = 19*t - 4106. Let p(g) = -62*g + t*g - 70*g - 68*g + 3. Give p(10).
-17
Let g(q) = 4*q**2 + q - 5. Let w(l) = -2*l**3 - 5*l**2 - 7*l. Let a be w(-1). Calculate g(a).
63
Let m(u) be the second derivative of 0 - 1/12*u**5 - 12*u + 1/8*u**4 + u**2 - 1/6*u**3. Let o(k) be the first derivative of m(k). Calculate o(2).
-15
Let v(y) = -12*y**2 - 9*y - 48. Let z(d) = 19*d**2 + 13*d + 77. Let r(s) = -8*v(s) - 5*z(s). Give r(-5).
-11
Let w(x) = 2536*x + 2546*x - 5082*x + 9 - x**2 + 36. Determine w(0).
45
Suppose -2*h - 27 = 3*x, 0 = -2*x - 4*h - 7 - 35. Let j(a) = 20*a**2 + 12. Let r(o) = -7*o**2 - 4. Let t(q) = 6*j(q) + 17*r(q). Calculate t(x).
13
Suppose 10*f - 20 + 60 = 0. Let r(x) = -152*x**2 + x - 8 + 10 + 153*x**2 + 4*x. Determine r(f).
-2
Let g(x) = -x**2 + 5. Suppose 6*i + 173 = -169. Let u = i + 49. Let f(n) = -4*n - 32. Let p be f(u). Calculate g(p).
5
Let m(u) be the first derivative of -u**2/2 + 25*u - 1933. Let q(k) = 2*k**2 + 2*k - 1. Let o be q(-3). Calculate m(o).
14
Let v(s) = -s**2 + 13*s - 33. Let q be (468/(-8))/(-9) + 85/34. Calculate v(q).
3
Let y(z) = -89 + 26 - 6*z + 4*z + 67. Let d = 21 - 16. Suppose 5*q = -6*m + m + d, 4*q = -16. What is y(m)?
-6
Let k(q) be the second derivative of q**5/30 + 7*q**4/24 + q**3/2 + 7*q + 5. Let l(t) be the second derivative of k(t). Give l(5).
27
Suppose 4*w - 2*z + 3*z - 362 = 0, -5*z = w - 81. Let s = -81 + w. Let n(a) = -a**3 - 6*a**2 - 22 - 4*a + s + 7 + 9. Calculate n(-4).
-12
Let d be 1*(-3)/(-6)*-8. Suppose 30 = 13*r - 9. Let k(f) = -2*f - f**3 - 5*f**2 + 6*f**3 + 1 - 3*f**3 - r*f**3. Determine k(d).
-7
Let b(g) = 6*g - g + 3*g**2 - 9 + 6*g - 4*g**2. Calculate b(11).
-9
Let u(r) = 0*r**3 + 15*r - 14*r - r**2 + r**3 + 0*r**2 + 3550 - 3546. Give u(-2).
-10
Let d = -776 - -779. Let g = 183 - 109. Let u(p) = 70 + 2*p - d*p - g. Determine u(-10).
6
Let v(j) = 5*j + 61. Suppose -30*q + 124*q + 1034 = 0. Give v(q).
6
Let x be (0 - ((-9)/6 - -2))*-48. Let c(p) = 2 + 4*p - 2*p - p**2 - x - 3*p + 0*p**2. Let f = 1 - 1. What is c(f)?
-22
Let t = -2598 + 2604. Let q(k) = 21*k - 134. What is q(t)?
-8
Let j(w) = 12*w - 23. Let n = -41196 - -41184. Determine j(n).
-167
Let j = -97 - -112. Suppose -17*h = -20*h + j. Let t(n) = 5 + 3 - 4*n - 3 + n**2 + 0*n. Give t(h).
10
Let k(y) = -3*y - 2. Let t(o) be the second derivative of -o**4/4 - o**3 - o**2/2 + 45*o. Let c be t(-1). What is k(c)?
-8
Let s(f) = -7*f**2 - 3*f + 24. Let a(z) = 18*z**2 + 10*z - 64. Let q(v) = -3*a(v) - 8*s(v). What is q(5)?
20
Let a(h) = 10*h**2 + 4*h - 1. Let r = 867 - 869. What is a(r)?
31
Let k(l) = -20*l + 24. Let v(n) = -3*n - 1. Let z(b) = -b**3 + 6*b**2 + 25*b + 17. Let h be z(9). Let p(c) = h*k(c) + 8*v(c). Calculate p(-9).
4
Let a(u) = -27*u**3 - 7*u**2 + 3 + 29*u**3 - 8*u + 6 - 3*u**3. Give a(-7).
65
Let h(y) be the second derivative of -2*y**3 + 33*y**2 + 2*y - 4620. What is h(6)?
-6
Let x(l) = l**3 + 7*l**2 + l + 1. Let g(v) = 2*v + 7. Let j = 36 + -39. Let t be g(j). Let k(b) = -4*b**2 - 4*b + 1. Let d be k(t). Determine x(d).
-6
Let x(m) = -m - 53. Let t(o) = -6*o - 264. Let i be t(-44). What is x(i)?
-53
Let y(h) = 2*h**2 + 27*h + 22. Let l(f) = -353*f + 694. Let z be l(2). Calculate y(z).
-14
Let x(k) = -14*k + 221. Let s(h) = 7*h**3 - 240*h**2 + 69*h - 19. Let l be s(34). What is x(l)?
11
Let m be (2 - -1)*(-8)/(-6). Suppose -4*q + 4*l = 8*l, 0 = 5*q - 3*l - 16. Let x(c) = 0*c + 159 - 156 - 2*c**q + 6*c - c. Determine x(m).
-9
Let u(s) = s**3 + 13*s**2 + 19*s - 44. Let j be u(-10). Suppose 21*c = -c + j. Let q(x) = -3*x - 1. Determine q(c).
-10
Let i(x) = x + 7. Suppose -13*c = -14*c. Suppose -2*j + 5*b + 0*b = 123, c = -2*j + 2*b - 126. Let v = 69 + j. Determine i(v).
12
Let i(g) = 5*g + 117. Let m(d) = 29. Let n(o) = i(o) - m(o). What is n(-18)?
-2
Let r(v) = 9*v - 61. Let x(k) = 10*k - 59. Let y(c) = -4*r(c) + 3*x(c). Calculate y(11).
1
Let x(o) = -o**3 + 21*o**2 - 19*o - 7. Let u be 8*91/28 + (3 + 3)*-1. Determine x(u).
13
Let m be (1*9)/(18/12). Let r(d) = 5*d**3 - 10*d**2 - 4*d - 179. Let y(v) = -9*v**3 + 19*v**2 + 7*v + 316. Let f(o) = 7*r(o) + 4*y(o). Determine f(m).
11
Let t(r) = 2 - 459037*r - 4 - 1 + 459033*r. Determine t(-7).
25
Let l(o) = o**2 - 22*o + 6. Let v be l(22). Let i(u) = -3*u**3 + 4*u**3 + 12*u - 13 + 21 - 8*u**2. Let j be i(v). Let a(d) = -d**2 + 8*d + 4. Give a(j).
4
Let b(f) = 8*f - 5. Let r be b(0). Let m be -1 + ((-447)/r - 4/10). Let l(s) = -3*s**2 - m + 2*s**2 + 88. Give l(1).
-1
Suppose 8*a = -2*a + 340. Suppose -5*f - 14 = -a. Let c(m) = -m**3 - m**2 - m + 1. Let i(p) = 5*p**3 + 5*p - 9. Let s(u) = -4*c(u) - i(u). Calculate s(f).
1
Let l = -37 - -38. Let q be l - 5*(-2)/(-10). Suppose 8*p + q - 24 = 0. Let 